
Is 166536750383 composite?
False
Is 4005482311 a prime number?
True
Is 141465101 composite?
False
Is 19924070291 a prime number?
True
Is 2570875341 a composite number?
True
Is 42388813 a prime number?
True
Is 224053199 prime?
True
Is 34440722489 a prime number?
False
Is 25595153 a composite number?
False
Is 98656284523 prime?
True
Is 128775557 prime?
True
Is 44337690235 a prime number?
False
Is 6790354465 composite?
True
Is 147115939 a prime number?
True
Is 49175914483 a composite number?
True
Is 2433403499 a prime number?
True
Is 130950801887 composite?
True
Is 18380812601 a prime number?
False
Is 45877175393 composite?
True
Is 9438316483 a composite number?
False
Is 1302571217 a prime number?
False
Is 1569978374 a prime number?
False
Is 77335880311 composite?
True
Is 3391697123 a composite number?
False
Is 22659788829 a composite number?
True
Is 5142639659 composite?
True
Is 1750556449 a prime number?
False
Is 36657093481 prime?
False
Is 304118923 composite?
True
Is 2610293443 composite?
False
Is 3230253959 a prime number?
False
Is 1740778021 a prime number?
True
Is 18275216573 a prime number?
False
Is 1376851133 a prime number?
False
Is 17475146673 a composite number?
True
Is 1396641007 composite?
True
Is 81108227257 composite?
False
Is 63609652597 prime?
True
Is 6027384299 composite?
False
Is 21689979401 prime?
True
Is 221172879011 a prime number?
False
Is 572018509 prime?
True
Is 1207211377 composite?
True
Is 1434784427 prime?
True
Is 139415729 a prime number?
False
Is 2035676927 composite?
False
Is 1630488557 a composite number?
False
Is 12818506 a composite number?
True
Is 26913250667 composite?
False
Is 4007096521 prime?
True
Is 9482117917 prime?
False
Is 634336889 a composite number?
False
Is 8884611361 a prime number?
False
Is 5131040251 a composite number?
False
Is 1780273543 composite?
False
Is 19788566449 a prime number?
True
Is 639447379 composite?
False
Is 434178187 a composite number?
False
Is 2211913393 a prime number?
False
Is 6444808921 composite?
False
Is 5138580101 a prime number?
True
Is 158546771139 a prime number?
False
Is 3486232437 a prime number?
False
Is 1740973951 composite?
False
Is 15843515165 a prime number?
False
Is 3615976079 composite?
False
Is 204827215751 prime?
True
Is 69592055023 prime?
True
Is 2156924917 prime?
False
Is 30105456419 a prime number?
True
Is 383957759711 composite?
False
Is 2674136683 a composite number?
True
Is 282682812749 prime?
False
Is 1860659767 composite?
True
Is 45516555509 composite?
True
Is 12447738583 a prime number?
False
Is 10075590251 a prime number?
True
Is 579917087 a prime number?
True
Is 30764950355 prime?
False
Is 9989415857 a composite number?
False
Is 690279483 composite?
True
Is 156121665905 prime?
False
Is 52128353 a prime number?
False
Is 14301048029 prime?
True
Is 31999424827 prime?
True
Is 4940621449 a composite number?
False
Is 41688163799 a prime number?
True
Is 73891650673 composite?
False
Is 259949303011 composite?
False
Is 280792069 composite?
False
Is 45198659993 a composite number?
False
Is 1323132949 prime?
False
Is 24144221357 composite?
True
Is 3628860013 a composite number?
True
Is 16864430201 a prime number?
True
Is 37672903 a prime number?
False
Is 371948555851 prime?
False
Is 1255916119 composite?
False
Is 68948953 prime?
False
Is 16752990139 a prime number?
True
Is 22392376453 a prime number?
True
Is 12416776153 a prime number?
False
Is 183517273 composite?
False
Is 10075633409 prime?
True
Is 113237978185 a prime number?
False
Is 6204701473 prime?
False
Is 1044189533 prime?
True
Is 2443107867 a composite number?
True
Is 5134524665 composite?
True
Is 421794337 a prime number?
True
Is 5977111 a prime number?
False
Is 12592794937 a composite number?
False
Is 316049311 composite?
True
Is 11191530869 prime?
True
Is 75922182353 composite?
True
Is 981960761 composite?
False
Is 3676582867 a prime number?
False
Is 28363774979 a composite number?
False
Is 38169606317 a prime number?
False
Is 10396224713 a prime number?
False
Is 165559083279 composite?
True
Is 5175950111 composite?
False
Is 1455149623 composite?
False
Is 3539199821 a prime number?
True
Is 28105959121 prime?
False
Is 5706584951 a prime number?
True
Is 34246412449 composite?
True
Is 11001161407 a prime number?
False
Is 9809760251 composite?
False
Is 8690923217 a prime number?
False
Is 3916175513 prime?
True
Is 379440701 a composite number?
False
Is 3692143267 prime?
True
Is 721940761 a prime number?
False
Is 5299189763 composite?
True
Is 885118027 prime?
True
Is 3665569477 composite?
False
Is 22864393779 prime?
False
Is 10632448457 a composite number?
True
Is 142026216235 a prime number?
False
Is 648961361 a prime number?
True
Is 416738811 prime?
False
Is 2708443849 composite?
True
Is 27826282453 prime?
True
Is 2671536865 composite?
True
Is 3910020155 prime?
False
Is 156927691 a composite number?
False
Is 2117125343 a composite number?
False
Is 234630007 a composite number?
True
Is 74206442363 a composite number?
False
Is 18531578311 composite?
True
Is 710234303 prime?
True
Is 24795735137 composite?
True
Is 1939196279 prime?
True
Is 6388317365 prime?
False
Is 3201976907 a prime number?
False
Is 1445415149 composite?
False
Is 6565540841 composite?
False
Is 38290641527 prime?
True
Is 1111762013 composite?
False
Is 18878123491 a prime number?
True
Is 160441831 composite?
True
Is 2235436517 a composite number?
True
Is 17185761559 composite?
False
Is 3296599843 a prime number?
False
Is 591625997 a prime number?
True
Is 13858801981 prime?
False
Is 5648371241 a composite number?
False
Is 6519731873 a composite number?
False
Is 21290522741 a composite number?
False
Is 22764589 a composite number?
False
Is 1439757109 a prime number?
False
Is 21509338337 a composite number?
False
Is 268436204233 prime?
False
Is 1618588837 a composite number?
True
Is 2700283 a prime number?
False
Is 323095561 a composite number?
False
Is 396814967 a prime number?
True
Is 2495702063 a prime number?
True
Is 2847933337 a prime number?
False
Is 58518425519 composite?
False
Is 163444357 composite?
True
Is 5517921953 a prime number?
True
Is 4033389251 composite?
False
Is 2856383953 a prime number?
True
Is 20543959693 prime?
False
Is 8959554323 composite?
False
Is 603368401 a prime number?
False
Is 8158143593 composite?
True
Is 53342720282 prime?
False
Is 1758245549 a composite number?
False
Is 3776361107 a composite number?
True
Is 1411505339 prime?
True
Is 345478607579 composite?
True
Is 179555447 a prime number?
True
Is 12984649 composite?
False
Is 348255461 prime?
False
Is 1395006341 prime?
True
Is 1936022887 a composite number?
False
Is 1801681107 prime?
False
Is 3764007349 a composite number?
True
Is 119509441 prime?
False
Is 9167187529 prime?
True
Is 16534300417 composite?
False
Is 5664015991 a composite number?
False
Is 11726222329 composite?
True
Is 1242494581 a prime number?
True
Is 73973959 a composite number?
False
Is 149080903 a composite number?
False
Is 63282513727 a prime number?
True
Is 5216640217 composite?
False
Is 4575385589 composite?
True
Is 11296838983 composite?
False
Is 223610263 prime?
False
Is 134124050897 a composite number?
True
Is 488725109 composite?
False
Is 1330843357 a composite number?
False
Is 19003256117 a composite number?
False
Is 2865456359 composite?
False
Is 6161122579 a composite number?
True
Is 1282066451 composite?
False
Is 64700882731 a composite number?
False
Is 18913953131 composite?
False
Is 14882154919 a composite number?
False
Is 430204781053 a prime number?
True
Is 4214046023 prime?
False
Is 218411027539 composite?
True
Is 14727666977 a prime number?
False
Is 54899199287 composite?
False
Is 343714897 a composite number?
False
Is 3052241821 a composite number?
False
Is 2166155471 prime?
True
Is 640731841 a prime number?
False
Is 1345139867 prime?
True
Is 9983614909 composite?
False
Is 2546473927 prime?
True
Is 6165355181 prime?
True
Is 74889923 composite?
False
Is 2957195687 prime?
False
Is 13860634519 composite?
True
Is 507114359 a prime number?
False
Is 3293498423 prime?
True
Is 93909994201 a prime number?
False
Is 216820973 a prime number?
False
Is 16228290007 a prime number?
False
Is 6324347941 composite?
False
Is 1140675827 composite?
True
Is 946907603 a composite numbe